lse
Is 98518087 composite?
True
Is 4220137 a composite number?
False
Is 494587 a prime number?
True
Is 25948303 a prime number?
False
Is 4265207 a composite number?
False
Is 9151121 a composite number?
True
Is 93163571 a prime number?
True
Is 3302843 a composite number?
False
Is 452773499 a prime number?
True
Is 2172701 prime?
True
Is 628078159 a prime number?
False
Is 4251181 composite?
True
Is 675069 composite?
True
Is 33836267 a composite number?
False
Is 5677015 a prime number?
False
Is 274707101 composite?
True
Is 871159 prime?
True
Is 669211 composite?
True
Is 27240991 a prime number?
False
Is 39671843 prime?
False
Is 3206729 composite?
True
Is 2954323 composite?
False
Is 37085231 a prime number?
False
Is 78439709 composite?
True
Is 6399793 a composite number?
False
Is 1062491 a composite number?
True
Is 139267 prime?
True
Is 3729109 prime?
True
Is 88779727 a composite number?
True
Is 18923 composite?
True
Is 37917839 a prime number?
True
Is 148778411 prime?
False
Is 521567 composite?
False
Is 219357989 composite?
False
Is 3975317 composite?
True
Is 11131943 a prime number?
False
Is 18523129 a composite number?
True
Is 6765853 composite?
True
Is 7936501 a composite number?
True
Is 20720153 a prime number?
True
Is 36610367 a composite number?
True
Is 263023019 prime?
False
Is 9237263 a prime number?
False
Is 6202711 a prime number?
True
Is 603046877 a composite number?
False
Is 1290095 a prime number?
False
Is 931236101 composite?
False
Is 170092661 prime?
True
Is 2571911 composite?
False
Is 1236073 a prime number?
True
Is 3300881 prime?
False
Is 357565733 prime?
False
Is 69673273 composite?
False
Is 9577303 prime?
True
Is 10352383 prime?
True
Is 132197159 composite?
False
Is 1730413 a composite number?
True
Is 508335943 a prime number?
True
Is 9430331 prime?
True
Is 607424953 prime?
False
Is 983933 prime?
False
Is 2225791 prime?
True
Is 13113169 prime?
False
Is 30218789 composite?
True
Is 111928273 composite?
False
Is 119227 prime?
True
Is 2142857 a prime number?
True
Is 1803187898 a prime number?
False
Is 84336703 composite?
True
Is 103355579 prime?
False
Is 10680617 a composite number?
False
Is 10964078 a composite number?
True
Is 2198194 a prime number?
False
Is 9453007 prime?
False
Is 7925231 prime?
False
Is 68391461 prime?
True
Is 5361431 a composite number?
True
Is 14209051 prime?
True
Is 6662129 prime?
False
Is 2528417 a prime number?
False
Is 22870447 a composite number?
False
Is 489850841 a prime number?
True
Is 81893449 a composite number?
True
Is 401750243 a composite number?
False
Is 517546651 a prime number?
False
Is 62637437 prime?
True
Is 1747027 prime?
True
Is 703573 a composite number?
True
Is 124451 prime?
False
Is 3041303 a composite number?
False
Is 23431141 a prime number?
False
Is 5691247 composite?
False
Is 206820511 composite?
True
Is 1815449 a composite number?
False
Is 1323661 prime?
False
Is 6648001 a prime number?
True
Is 7857251 a composite number?
True
Is 6827449 a prime number?
True
Is 167680013 a composite number?
False
Is 177076819 composite?
False
Is 229001477 composite?
False
Is 7355477 a composite number?
False
Is 166967 a composite number?
False
Is 1345302757 prime?
True
Is 30082777 composite?
False
Is 35630219 prime?
True
Is 4975297 a prime number?
True
Is 8517257 a prime number?
False
Is 75982289 a prime number?
True
Is 2889569 a composite number?
False
Is 8717017 a prime number?
False
Is 128710469 a composite number?
False
Is 47584657 a prime number?
True
Is 5748439 composite?
True
Is 424141777 composite?
False
Is 194282461 prime?
False
Is 38987 composite?
True
Is 9057163 a prime number?
True
Is 4784543 a composite number?
False
Is 10299319 a composite number?
True
Is 63760539 a composite number?
True
Is 96553 a composite number?
False
Is 272610865 a prime number?
False
Is 891641 a prime number?
False
Is 399895 prime?
False
Is 260387 prime?
True
Is 12955849 a prime number?
False
Is 30482867 prime?
False
Is 1545123 composite?
True
Is 3455191 composite?
True
Is 12800671 composite?
True
Is 1413211 composite?
False
Is 25224137 composite?
True
Is 21531269 composite?
False
Is 185256059 a prime number?
True
Is 31487623 composite?
True
Is 3924779 a composite number?
False
Is 5284969 prime?
False
Is 129257 a composite number?
True
Is 35162563 composite?
False
Is 6592877 composite?
True
Is 1759361 composite?
False
Is 71845 a composite number?
True
Is 1532736115 a composite number?
True
Is 1254963 prime?
False
Is 19088959 a composite number?
True
Is 1400605 a composite number?
True
Is 9148585 a composite number?
True
Is 21700729 a prime number?
False
Is 902107 composite?
True
Is 5736886 a composite number?
True
Is 54709769 a composite number?
False
Is 27328211 composite?
False
Is 34694617 composite?
False
Is 116260702 prime?
False
Is 1788433 a prime number?
True
Is 3103103 composite?
True
Is 290857537 prime?
True
Is 280556443 a composite number?
False
Is 9902587 prime?
True
Is 37335359 a prime number?
True
Is 479273 a composite number?
True
Is 660277 composite?
False
Is 53681513 a composite number?
False
Is 8119777 prime?
True
Is 37110245 composite?
True
Is 16562669 a composite number?
False
Is 112163 a composite number?
False
Is 39211483 a prime number?
False
Is 84939523 prime?
True
Is 7709399 a composite number?
True
Is 10467893 a prime number?
False
Is 42780451 a composite number?
True
Is 8024189 composite?
False
Is 3755653 prime?
False
Is 24660607 a prime number?
True
Is 2606791 a prime number?
False
Is 181846031 a composite number?
True
Is 426240221 a prime number?
False
Is 5650121 a prime number?
True
Is 247705391 a composite number?
True
Is 483337 prime?
True
Is 47510539 a prime number?
True
Is 1230653 a prime number?
False
Is 1109093 composite?
True
Is 124046287 prime?
False
Is 14063755 prime?
False
Is 4349337 composite?
True
Is 41026603 prime?
True
Is 32219969 a composite number?
False
Is 7523767 prime?
True
Is 1731349 a prime number?
True
Is 1264009 prime?
True
Is 1595483 prime?
True
Is 1491761 a prime number?
True
Is 565889 a composite number?
False
Is 265703 prime?
True
Is 10438591 a prime number?
False
Is 4398623 a composite number?
False
Is 23372513 a prime number?
True
Is 121723993 composite?
False
Is 9516407 a prime number?
True
Is 5653723 a composite number?
False
Is 43697831 a prime number?
True
Is 13656581 a composite number?
False
Is 82377691 a prime number?
False
Is 6302447 a prime number?
False
Is 3794977 a composite number?
True
Is 2713703 a composite number?
False
Is 133159 a composite number?
True
Is 170476727 composite?
False
Is 698144261 prime?
True
Is 7676671 composite?
False
Is 8688943 a prime number?
True
Is 28780637 composite?
False
Is 133763771 a composite number?
True
Is 6972127 a composite number?
False
Is 8230727 composite?
False
Is 19416053 a composite number?
False
Is 59164373 composite?
False
Is 33758029 a composite number?
True
Is 8223203 prime?
False
Is 6551047 a composite number?
False
Is 5595963 a composite number?
True
Is 418199059 a composite number?
True
Is 51179279 prime?
True
Is 58818593 composite?
False
Is 7121318 composite?
True
Is 993527 composite?
False
Is 37702139 a composite number?
True
Is 720805 prime?
False
Is 948641 a composite number?
True
Is 160427 a prime number?
False
Is 18674582 composite?
True
Is 1959361 a prime number?
True
Is 48563759 a composite number?
False
Is 2700281 a prime number?
True
Is 841729 a composite number?
True
Is 325097393 a prime number?
True
Is 79672033 a prime number?
False
Is 905381 prime?
True
Is 63816587 prime?
False
Is 3167869 prime?
True
Is 833429 a composite number?
False
Is 4798613 composite?
True
Is 13769045 prime?
False
Is 1366165 a prime number?
False
Is 18239833 prime?
True
Is 3387863 composite?
False
Is 15012043 prime?
True
Is 136489699 composite?
False
Is 225468289 prime?
False
Is 56677169 prime?
True
Is 294361 prime?
False
Is 890983 a composite number?
True
Is 3020279 composite?
False
Is 37590959 composite?
True
Is 911479 composite?
True
Is 30838673 a composite number?
False
Is 28875433 prime?
False
Is 303062143 composite?
False
Is 32578886 prime?
False
Is 314329 a composite number?
False
Is 600967789 prime?
False
Is 69797473 a prime number?
False
Is 821131 composite?
False
Is 8411759 prime?
True
Is 15905860